t is the remainder when g is divided by k?
57
Suppose -2909*r - 67 = -2910*r - l, 0 = -2*l - 6. Let o = 468 + -261. What is the remainder when o is divided by r?
67
Let l be (-30)/90 + 2/6. Suppose q - 50 = 5*k - 0*k, l = -q - 3*k + 18. Let y = 28 + -12. What is the remainder when q is divided by y?
14
Let b be (60/9 + -1)/(2/(-36)). Let a = b - -42. Calculate the remainder when 67 is divided by (a - 8)*2*2/(-8).
33
Suppose 3*t = 3, -2*f - 1273 = -2*t + t. What is the remainder when f/(-54) - 12 - (-2056)/18 is divided by 47?
20
Suppose -2*s = -3*b - 65, 2*s + 0*s + 4*b - 44 = 0. Let f be (2 + -4)/(-2) + -4 + 4. Calculate the remainder when s is divided by 17*f - 7/(35/10).
13
Suppose 91338 - 14794 = 32*q. What is the remainder when q is divided by 126?
124
Let y = 24 - 11. Calculate the remainder when (-4 + 3)*(9/(-3) + -16) is divided by y.
6
Let f(u) = -86*u + 3908. Calculate the remainder when f(44) is divided by ((-126)/8)/((-1)/4).
61
Let d(x) = x**2 + 3*x + 1. Suppose 0 = z - 3. Suppose 0 = -2*u + 4*t + 86, -u + 0*u + 43 = z*t. Calculate the remainder when u is divided by d(-5).
10
Suppose 7*d + 130 = 326. Suppose -312 = -3*v - 3*t, -61*v + 3*t + 318 = -58*v. Calculate the remainder when v is divided by d.
21
Suppose 0 = 4*w + 4, 16*s - 11*s + 2*w = 3468. Calculate the remainder when s is divided by 140.
134
Suppose 4*o + 0*w = w + 405, 2*w = 2*o - 204. Calculate the remainder when o is divided by (-25)/((-1575)/(-294))*-3*2.
17
Let o(s) = s**2 - 17*s + 34. Let w be o(16). Calculate the remainder when 24/w*1236/16 is divided by 8.
7
Let u be (9/((-63)/28))/(-2). Suppose 3*g + t - 33 = -t, 3*g = 4*t + 51. What is the remainder when ((-1)/(u/(-178)))/(-64 + 65) is divided by g?
11
Let i(y) = -11*y - 2. Let q be (-78)/(-12) + -7 - (-1169)/2. Let a = q + -566. What is the remainder when i(-5) is divided by a?
17
Let f = 113 - 108. Suppose -f*g + 219 = 4*s, 0*g = 3*s - 2*g - 147. What is the remainder when s is divided by 3/(-12) + 90/8?
7
Let i be ((-10)/20 + 2)/(2/(-12)). What is the remainder when 55 - i/(1 + (-15)/6) is divided by 27?
22
Let c(g) = -19*g + 367. Let w be c(6). Let x = -243 + w. Suppose 3*d = 5*d - 4*p - 154, 3*p = 5*d - 357. What is the remainder when d is divided by x?
9
Suppose -5*y - 43*c + 45*c + 186 = 0, 2*c + 26 = y. What is the remainder when 5999 is divided by y?
39
Suppose -2*m + 11*r = 10*r - 479, 4*r - 1191 = -5*m. Suppose 10 + 86 = 4*k. What is the remainder when m is divided by k?
23
Let a(y) = -1 - 59*y + 62*y + y**2 - 6. Calculate the remainder when 38 is divided by a(4).
17
Suppose 5*q - 134 = 386*z - 390*z, 0 = 3*q + 5*z - 70. Calculate the remainder when ((-441)/(-6))/((-3)/(-6)) is divided by q.
27
Let f be (1*352 + 0)*4/8. Let z = -171 + f. What is the remainder when 17 is divided by z?
2
Let j = -4000 - -4426. What is the remainder when j is divided by 103?
14
Let h = -1605 + 1618. Let w = 12 + -9. Suppose -4 = 2*q + w*v - 72, -3*q - v + 95 = 0. What is the remainder when q is divided by h?
5
Let w be 30/(-1 + 2 + 1). Suppose -5*c - 41 + w = -4*t, -c = -2. Suppose 0 = 3*j + n - 16, -3*j - 7 = -4*j - 2*n. What is the remainder when t is divided by j?
4
Let x(m) = 9*m - 31. Let v be x(-5). Let n = -55 - v. Let i = -81 + 141. Calculate the remainder when i is divided by n.
18
Suppose -r + 137 = 68. Let u(m) = -7 + 5*m**2 - 15 + 29 - 9. Calculate the remainder when r is divided by u(-2).
15
Calculate the remainder when 869 is divided by 1055*(-14)/(-245)*14.
25
Let s(b) = -37*b - 1311. Calculate the remainder when s(-48) is divided by 163.
139
Suppose 3*h + 8 = 5*h. Suppose -p = 1 + h, 3*v - 2*p = 463. Suppose 5*l = 2*s - 209, -s = l + 36 - v. What is the remainder when s is divided by 19?
17
Let v(l) = 2*l**3 + l**2 - 2*l + 1. Let d be 7/1 + 20*3/(-12). Suppose 26 = 4*c + 2. Calculate the remainder when v(d) is divided by c.
5
Suppose 418 = 3*q - 2*i, -741 = 4*q - 3*i - 1300. Suppose 3 = -2*u + 25. What is the remainder when q is divided by u?
4
Let k(b) = b**3 - 60*b**2 - 128*b + 376. Let h(g) = -39*g + 1. Calculate the remainder when k(62) is divided by h(-1).
8
Let c = -33 - -79. Suppose -4*y - 2*d + c = 0, 2*y - 8 = -3*d + 5. Calculate the remainder when 165 is divided by y.
11
Let j(z) = 3*z**2 + 35*z + 114. What is the remainder when j(-5) is divided by 5?
4
Calculate the remainder when 775 is divided by (57/2)/((-630)/(-8400)).
15
Suppose 23*c - 223720 = -215*c. What is the remainder when c is divided by 50?
40
What is the remainder when 658 is divided by 16/18*285 - (-13 - 3)/(-48)?
152
What is the remainder when ((-60)/24)/((-4)/2)*844 is divided by 66?
65
Let b be 17 + -13 + 5/((-15)/(-42)). Calculate the remainder when 115 + -7 - b/2 is divided by 40.
19
Let w(u) = u**2 + 20*u - 37. Let p be w(-22). Suppose -y - p - 37 = -h, -2*y = -5*h + 211. Calculate the remainder when h is divided by 15.
11
Suppose 9350*k - 9365*k = -1369 - 581. Calculate the remainder when 5587 is divided by k.
127
Let k(b) = 154*b - 2479. What is the remainder when k(24) is divided by 14?
13
Let z(f) = f**3 - f**2 - 12*f - 17. Suppose 0*m - 15 = -3*m. Suppose 4*s = 3*w - m*w + 100, -2*s = 2*w - 54. What is the remainder when z(6) is divided by s?
22
Suppose -2*i = 5*m - 128, -838*m - 134 = -2*i - 842*m. Calculate the remainder when 2429 is divided by i.
59
Suppose 28*x - 288 = 24*x. Calculate the remainder when 224/22 + x/(-396) is divided by 5.
0
Let l(p) = p**2 - 44*p - 1869. Calculate the remainder when l(94) is divided by 57.
38
Let d(f) = 10*f - 10. Let k be d(1). Suppose -7*r + 2 + 397 = k. What is the remainder when r is divided by 18?
3
Suppose -2*a = 6*a - 384. Let f = 108 - a. Suppose g + 29 = 3*x - 26, -g - 73 = -4*x. Calculate the remainder when f is divided by x.
6
Suppose 222 = -r + 3*r. Let k(i) = 2*i**3 - 4*i**2 - i + 6. Let o be k(2). Calculate the remainder when r is divided by 290/o*10/25.
24
Suppose 3*f = 7*f. Suppose -5*q = -f*q - 125. Suppose 5*a = -2*n + 255, 4*a = 4*n + 190 - 14. What is the remainder when a is divided by q?
24
Let b(h) = -13*h + 2*h + 8*h**2 + 4*h + 3 - 4 - h**3. Let l be b(7). What is the remainder when 40 is divided by (12/18)/(l/6) + 27?
17
What is the remainder when 2479 is divided by 3900/55 + 0 + 1/11?
65
Let s = -808 + 252. Let t = s - -586. Calculate the remainder when 36 is divided by t.
6
Suppose -127*d - 33098 = -559*d + 217462. What is the remainder when 1740 is divided by d?
0
Suppose 2*m - 220 = -3*m. Calculate the remainder when ((2 - 3)*-8)/2 - (15 - 184) is divided by m.
41
Let a(z) = 13*z**2 - 4*z - 3. Let y be (-2)/(-3)*132/8. Calculate the remainder when a(-2) is divided by 134/y - (-78)/(-429).
9
Suppose 0 = -2*q + d + 28, 0 = -3*q + 2*q + 5*d - 4. Let h = -9934 - -10157. Calculate the remainder when h is divided by q.
15
Let h = 105 - 93. Calculate the remainder when (-4)/h + (-1173)/(-9) is divided by 33.
31
Suppose -4*t + 6516 = -220*d + 222*d, 2*t + 2*d - 3260 = 0. What is the remainder when t is divided by 38?
32
What is the remainder when 307 is divided by 39*(-90)/(-42) + 140/(-245)?
58
Let n(s) = s**3 - 3*s**2 - 6*s - 5. Let v(q) = -113*q**2 + 2377*q + 5. Calculate the remainder when v(21) is divided by n(5).
14
Let g = -15 + 24. Suppose -5*t - 3*p - 339 + 346 = 0, 3*t = -p + 9. Calculate the remainder when g is divided by t.
4
Suppose -119554 + 36561 = -198*i + 57983. What is the remainder when i is divided by 4?
0
Suppose -f + 4*p = -2, 3*p - 6 = 4*f - 7*f. Let y = 73 - 43. Calculate the remainder when y is divided by ((-16)/(-12))/(f/12).
6
Suppose -13 = 2*i - 3*i. What is the remainder when (-74 + 2)*(75/9 - 9) is divided by i?
9
Suppose 0 = -2*o - 3*w - 70, -39 = 3*o - 4*w + 32. Let j = 62 + o. Let b = j - 6. What is the remainder when 103 is divided by b?
22
Let v = 101 + -55. Let u = 28 - v. Let i = u - -35. What is the remainder when 82 is divided by i?
14
Suppose -3*i - 68*r + 566 = -63*r, -4 = -4*r. Calculate the remainder when i is divided by 105.
82
Let o(t) = t**3 + 4*t**2 - 2*t + 3. Let d(s) = -6 - 3*s**2 - 30 + 4*s**2 + 4*s + 7. What is the remainder when o(-4) is divided by d(4)?
2
What is the remainder when ((-464)/(-40) - 12)/((-4)/2120) is divided by 60?
32
Let x be 30/25*10/6 - -18. Suppose 199 + 41 = x*u. Calculate the remain